 the prime factors of 599?
599
List the prime factors of 2756.
2, 13, 53
List the prime factors of 97438.
2, 11, 43, 103
What are the prime factors of 807?
3, 269
What are the prime factors of 3381?
3, 7, 23
List the prime factors of 8735.
5, 1747
What are the prime factors of 200?
2, 5
List the prime factors of 56953.
13, 337
List the prime factors of 11844.
2, 3, 7, 47
List the prime factors of 7810.
2, 5, 11, 71
What are the prime factors of 656?
2, 41
What are the prime factors of 12715?
5, 2543
List the prime factors of 824.
2, 103
List the prime factors of 27502.
2, 13751
What are the prime factors of 15533?
7, 317
What are the prime factors of 36553?
11, 3323
List the prime factors of 4181.
37, 113
What are the prime factors of 19049?
43, 443
What are the prime factors of 3998?
2, 1999
List the prime factors of 5407.
5407
List the prime factors of 32591.
13, 23, 109
List the prime factors of 2462.
2, 1231
List the prime factors of 3437.
7, 491
List the prime factors of 17827.
17827
What are the prime factors of 20785?
5, 4157
What are the prime factors of 178?
2, 89
List the prime factors of 23187.
3, 59, 131
What are the prime factors of 1413?
3, 157
What are the prime factors of 16845?
3, 5, 1123
What are the prime factors of 231?
3, 7, 11
List the prime factors of 24148.
2, 6037
What are the prime factors of 5062?
2, 2531
List the prime factors of 4524.
2, 3, 13, 29
List the prime factors of 108724.
2, 7, 11, 353
What are the prime factors of 567?
3, 7
List the prime factors of 118141.
31, 37, 103
List the prime factors of 55113.
3, 18371
What are the prime factors of 36485?
5, 7297
List the prime factors of 13405.
5, 7, 383
What are the prime factors of 1847?
1847
List the prime factors of 17075.
5, 683
List the prime factors of 36850.
2, 5, 11, 67
List the prime factors of 3074.
2, 29, 53
List the prime factors of 15822.
2, 3, 293
List the prime factors of 805.
5, 7, 23
List the prime factors of 2500.
2, 5
List the prime factors of 12718.
2, 6359
What are the prime factors of 27399?
3, 9133
List the prime factors of 1495.
5, 13, 23
What are the prime factors of 607?
607
What are the prime factors of 22699?
22699
List the prime factors of 80.
2, 5
What are the prime factors of 18512?
2, 13, 89
What are the prime factors of 2752?
2, 43
What are the prime factors of 351?
3, 13
List the prime factors of 511.
7, 73
List the prime factors of 1603.
7, 229
What are the prime factors of 586?
2, 293
What are the prime factors of 147217?
7, 21031
What are the prime factors of 1291?
1291
List the prime factors of 1358.
2, 7, 97
List the prime factors of 22306.
2, 19, 587
What are the prime factors of 586?
2, 293
What are the prime factors of 5077?
5077
List the prime factors of 204.
2, 3, 17
What are the prime factors of 10600?
2, 5, 53
List the prime factors of 6128.
2, 383
List the prime factors of 5002.
2, 41, 61
What are the prime factors of 31679?
79, 401
List the prime factors of 1329.
3, 443
List the prime factors of 45973.
31, 1483
List the prime factors of 50430.
2, 3, 5, 41
List the prime factors of 7446.
2, 3, 17, 73
What are the prime factors of 2231?
23, 97
What are the prime factors of 18747?
3, 2083
What are the prime factors of 1817?
23, 79
What are the prime factors of 1075?
5, 43
List the prime factors of 450.
2, 3, 5
List the prime factors of 117346.
2, 23, 2551
What are the prime factors of 180?
2, 3, 5
What are the prime factors of 1443?
3, 13, 37
List the prime factors of 2622.
2, 3, 19, 23
What are the prime factors of 99?
3, 11
List the prime factors of 9991.
97, 103
List the prime factors of 1232.
2, 7, 11
What are the prime factors of 36357?
3, 12119
What are the prime factors of 500?
2, 5
List the prime factors of 1943.
29, 67
What are the prime factors of 18366?
2, 3, 3061
List the prime factors of 38.
2, 19
List the prime factors of 23246.
2, 59, 197
What are the prime factors of 889?
7, 127
List the prime factors of 56992.
2, 13, 137
What are the prime factors of 32?
2
What are the prime factors of 36057?
3, 7, 17, 101
List the prime factors of 16574.
2, 8287
List the prime factors of 1062.
2, 3, 59
What are the prime factors of 843?
3, 281
List the prime factors of 24758.
2, 12379
What are the prime factors of 3355?
5, 11, 61
List the prime factors of 42206.
2, 47, 449
What are the prime factors of 216?
2, 3
List the prime factors of 11735.
5, 2347
List the prime factors of 7224.
2, 3, 7, 43
List the prime factors of 323.
17, 19
List the prime factors of 648.
2, 3
List the prime factors of 30042.
2, 3, 1669
What are the prime factors of 85708?
2, 7, 3061
What are the prime factors of 911?
911
What are the prime factors of 811?
811
What are the prime factors of 1332?
2, 3, 37
List the prime factors of 1527.
3, 509
What are the prime factors of 12?
2, 3
What are the prime factors of 323?
17, 19
List the prime factors of 1472.
2, 23
List the prime factors of 12731.
29, 439
List the prime factors of 201193.
201193
List the prime factors of 3271.
3271
What are the prime factors of 149602?
2, 131, 571
What are the prime factors of 9215?
5, 19, 97
What are the prime factors of 29967?
3, 7, 1427
List the prime factors of 3500.
2, 5, 7
List the prime factors of 1850.
2, 5, 37
List the prime factors of 32.
2
List the prime factors of 35619.
3, 31, 383
List the prime factors of 1420.
2, 5, 71
List the prime factors of 657.
3, 73
List the prime factors of 43.
43
What are the prime factors of 1181?
1181
List the prime factors of 37202.
2, 11, 19, 89
What are the prime factors of 5752?
2, 719
List the prime factors of 641.
641
What are the prime factors of 11425?
5, 457
What are the prime factors of 6740?
2, 5, 337
What are the prime factors of 3979?
23, 173
What are the prime factors of 408?
2, 3, 17
List the prime factors of 4722.
2, 3, 787
What are the prime factors of 1617?
3, 7, 11
List the prime factors of 382.
2, 191
What are the prime factors of 19961?
19961
List the prime factors of 85568.
2, 7, 191
List the prime factors of 51859.
51859
What are the prime factors of 825?
3, 5, 11
List the prime factors of 9345.
3, 5, 7, 89
List the prime factors of 29791.
31
What are the prime factors of 17172?
2, 3, 53
List the prime factors of 1376.
2, 43
What are the prime factors of 9242?
2, 4621
What are the prime factors of 964?
2, 241
What are the prime factors of 1532?
2, 383
What are the prime factors of 3673?
3673
List the prime factors of 65413.
65413
List the prime factors of 23666.
2, 11833
What are the prime factors of 56295?
3, 5, 139
List the prime factors of 11867.
11867
What are the prime factors of 1301?
1301
List the prime factors of 8770.
2, 5, 877
What are the prime factors of 3170?
2, 5, 317
List the prime factors of 5738.
2, 19, 151
List the prime factors of 25884.
2, 3, 719
List the prime factors of 94.
2, 47
List the prime factors of 2466.
2, 3, 137
List the prime factors of 3822.
2, 3, 7, 13
List the prime factors of 11838.
2, 3, 1973
What are the prime factors of 2014?
2, 19, 53
What are the prime factors of 1658?
2, 829
List the prime factors of 2932.
2, 733
What are the prime factors of 2316?
2, 3, 193
What are the prime factors of 219?
3, 73
What are the prime factors of 16939?
13, 1303
What are the prime factors of 127044?
2, 3, 3529
List the prime factors of 42435.
3, 5, 23, 41
List the prime factors of 7688.
2, 31
List the prime factors of 21982.
2, 29, 379
List the prime factors of 573.
3, 191
What are the prime factors of 10007?
10007
What are the prime factors of 355?
5, 71
What are the prime factors of 3635?
5, 727
What are the prime factors of 2940?
2, 3, 5, 7
List the prime factors of 87238.
2, 53, 823
What are the prime factors of 1818?
2, 3, 101
List the prime factors of 12902.
2, 6451
What are the prime factors of 832?
2, 13
List the prime factors of 3506.
2, 1753
List the prime factors of 413.
7, 59
What are the prime factors of 1525?
5, 61
What are the prime factors of 2738?
2, 37
List the prime factors of 10182.
2, 3, 1697
What are the prime factors of 30567?
3, 23, 443
List the prime factors of 9563.
73, 131
List the prime factors of 2840.
2, 5, 71
List the prime factors of 31732.
2, 7933
What are the prime factors of 16397?
19, 863
List the prime factors of 6262.
2, 31, 101
What ar